{"id":1559,"date":"2024-05-19T12:47:37","date_gmt":"2024-05-19T12:47:37","guid":{"rendered":"https:\/\/carbontheory.ma\/index.php\/product\/smoothing-daily-set\/"},"modified":"2024-05-24T13:54:23","modified_gmt":"2024-05-24T13:54:23","slug":"smoothing-daily-set","status":"publish","type":"product","link":"https:\/\/carbontheory.ma\/index.php\/product\/smoothing-daily-set\/","title":{"rendered":"Smoothing Daily Set"},"content":{"rendered":"<div class=\"body-m text-grey mt-[24px] [&amp;_strong]:!text-dark\">\n<p>Notre coffret quotidien lissant contient tout ce dont vous avez besoin pour hydrater et lisser la peau s\u00e8che et bossel\u00e9e au quotidien.<\/p>\n<p><strong>CE QUI EST INCLUS<\/strong><\/p>\n<p>Barre nettoyante pour le visage \u00e0 l&rsquo;acide salicylique : exfolie en douceur et hydrate en profondeur, lissant la peau s\u00e8che et bossel\u00e9e.<\/p>\n<p>Tonique purifiant pour le visage : r\u00e9duit les pores et nettoie en profondeur pour minimiser la brillance et garder votre teint clair.<\/p>\n<p>Hydratant pour le visage : offre une protection contre les \u00e9ruptions cutan\u00e9es tout en gardant la peau nourrie et hydrat\u00e9e.<\/p>\n<\/div>\n<div class=\"mt-[24px] smw:mt-[32px] pb-[24px] smw:pb-[32px]\">\n<h3 class=\"body-l font-medium\">Bon \u00e0 savoir:<\/h3>\n<div class=\"mt-[24px] grid grid-cols-2 gap-y-[24px] gap-x-[12px] smw:gap-y-[24px]\">\n<ul>\n<li class=\"flex items-center gap-x-[8px] upper-m\">PR\u00c9VIENT LES \u00c9RUPTIONS CUTAN\u00c9ES<\/li>\n<li class=\"flex items-center gap-x-[8px] upper-m\">HYDRATE LA PEAU<\/li>\n<li class=\"flex items-center gap-x-[8px] upper-m\">MINIMISE LES PORES<\/li>\n<li class=\"flex items-center gap-x-[8px] upper-m\">R\u00c9DUIT L&rsquo;INFLAMMATION<\/li>\n<li class=\"flex items-center gap-x-[8px] upper-m\">V\u00c9G\u00c9TALIEN<\/li>\n<li class=\"flex items-center gap-x-[8px] upper-m\">SANS CRUAUT\u00c9<\/li>\n<li class=\"flex items-center gap-x-[8px] upper-m\">TOUS TYPES DE PEAU<\/li>\n<\/ul>\n<\/div>\n<\/div>\n","protected":false},"excerpt":{"rendered":"<p>Notre coffret quotidien lissant contient tout ce dont vous avez besoin pour hydrater et lisser la peau s\u00e8che et bossel\u00e9e au quotidien.<\/p>\n","protected":false},"featured_media":2243,"comment_status":"open","ping_status":"closed","template":"","meta":{"_acf_changed":false},"product_brand":[],"product_cat":[104,70,68,69],"product_tag":[],"class_list":{"0":"post-1559","1":"product","2":"type-product","3":"status-publish","4":"has-post-thumbnail","6":"product_cat-boutique","7":"product_cat-coffrets","8":"product_cat-tous-types-de-peau","9":"product_cat-traitement-de-lacnee","10":"latest_post","12":"first","13":"instock","14":"featured","15":"shipping-taxable","16":"product-type-simple","17":"add-to-wishlist-after_add_to_cart"},"acf":[],"_links":{"self":[{"href":"https:\/\/carbontheory.ma\/index.php\/wp-json\/wp\/v2\/product\/1559","targetHints":{"allow":["GET"]}}],"collection":[{"href":"https:\/\/carbontheory.ma\/index.php\/wp-json\/wp\/v2\/product"}],"about":[{"href":"https:\/\/carbontheory.ma\/index.php\/wp-json\/wp\/v2\/types\/product"}],"replies":[{"embeddable":true,"href":"https:\/\/carbontheory.ma\/index.php\/wp-json\/wp\/v2\/comments?post=1559"}],"version-history":[{"count":0,"href":"https:\/\/carbontheory.ma\/index.php\/wp-json\/wp\/v2\/product\/1559\/revisions"}],"wp:featuredmedia":[{"embeddable":true,"href":"https:\/\/carbontheory.ma\/index.php\/wp-json\/wp\/v2\/media\/2243"}],"wp:attachment":[{"href":"https:\/\/carbontheory.ma\/index.php\/wp-json\/wp\/v2\/media?parent=1559"}],"wp:term":[{"taxonomy":"product_brand","embeddable":true,"href":"https:\/\/carbontheory.ma\/index.php\/wp-json\/wp\/v2\/product_brand?post=1559"},{"taxonomy":"product_cat","embeddable":true,"href":"https:\/\/carbontheory.ma\/index.php\/wp-json\/wp\/v2\/product_cat?post=1559"},{"taxonomy":"product_tag","embeddable":true,"href":"https:\/\/carbontheory.ma\/index.php\/wp-json\/wp\/v2\/product_tag?post=1559"}],"curies":[{"name":"wp","href":"https:\/\/api.w.org\/{rel}","templated":true}]}}